vative of z**2/2 - 6*z + 1. Suppose -o - 4 = -3*o. Suppose 0 = 3*r - o*r. What is i(r)?
-6
Let v(d) = -3*d**2 + 3*d**2 - 1 - 2*d**2. What is v(1)?
-3
Suppose -3*b + 0 = 12, 3*r - 3*b - 18 = 0. Let z(f) = -2*f + 0*f**r - 4 + 8 - 3*f**2 - 5. Determine z(2).
-17
Let h(l) = -l - 4. Let v(n) = -n - 5. Let s(w) = 3*h(w) - 2*v(w). Determine s(-8).
6
Let h be (2/(-3))/((-2)/3). Let n = 3 - h. Let i(q) = 0 + 1 + 4*q - 3 + n*q. Determine i(2).
10
Suppose 1 - 16 = 3*p. Let g(l) = 2*l**2 + 16*l + 7. Let c(v) = v**2 + 8*v + 3. Suppose -20 = -0*o + 5*o. Let a(d) = o*g(d) + 7*c(d). Determine a(p).
8
Let v = 0 + -5. Let i = 4 + v. Let u(z) = -z**3 - 3*z + z + z. Calculate u(i).
2
Let c be ((-6)/10)/((-3)/15). Suppose -c*j + 7 = 1. Let w(l) = -l**j - l - 2*l - 5 + 10*l. Determine w(5).
5
Suppose 57 = -p + 61. Let v(b) = -b**2 + 5*b - 6. Determine v(p).
-2
Let n(y) be the first derivative of y**7/840 - y**6/90 - y**5/40 - y**4/8 - y**3/3 - 1. Let w(z) be the third derivative of n(z). What is w(5)?
7
Let n = 10 - 7. Let v(x) be the second derivative of -x**3/2 + 35*x. Give v(n).
-9
Let s(t) = -3*t + 0*t + 2*t - t. What is s(-4)?
8
Let h(t) be the first derivative of 1/4*t**4 - 2*t + 7 + 7/3*t**3 + 7/2*t**2. Give h(-6).
-8
Let k(t) = 18 + 0 - 2 - t - 9. Give k(7).
0
Let y(i) = -2*i - i + 2 + 0*i. Let z = -2 - 4. Let d be (-9)/z*(-4)/3. What is y(d)?
8
Let c(t) = -t**3 - 5*t**2 - 2*t - 1. Suppose 0 = -4*n + 3*j - 5*j + 14, 20 = -5*n + 5*j. Suppose 3*u + 16 = v + n, 2*u + 10 = 3*v. Calculate c(u).
9
Let o(z) = 4*z**2 + 13*z + 13. Let a(p) = 3*p**2 + 9*p + 9. Let x(d) = 7*a(d) - 5*o(d). Suppose -7*w + 2*w - 10 = 0. What is x(w)?
6
Let b(v) = -10*v**2 - 2*v + 9. Suppose 11 = -2*t + 3*t - 2*a, 4*a = -5*t + 27. Let i(h) = -5*h**2 - h + 4. Let m(l) = t*i(l) - 3*b(l). Give m(1).
-5
Suppose -3*b - 8 = -3*t - 5*b, -20 = -5*b. Let v(z) be the second derivative of -1/2*z**3 - 2*z + 1/2*z**2 + t. Determine v(2).
-5
Let w(v) = 2*v - 9. Let o(a) = 9*a - 45. Let h(n) = 2*o(n) - 11*w(n). Let l = 45 + -39. What is h(l)?
-15
Let d = -7 - -9. Let x(r) = -5*r + r**3 + 4*r**2 + d + r + 7*r. What is x(-4)?
-10
Let a(g) be the first derivative of g**2/2 - 2*g - 14. Calculate a(3).
1
Let n(c) = -c**2 - 7*c - 1. Let p be n(-7). Let h = p - -1. Let j(d) = 2*d**3 + h*d**3 + d**2 + d**2 + 1. Calculate j(-2).
-7
Let v be (-4)/(-10) + 138/30. Let f = 0 - -5. Suppose -2*r = -3*a + 6, v*r + f*a + 6 = 8*a. Let m(k) = k**3 + k - 8. Calculate m(r).
-8
Suppose -3*r = -4*k - 20, -k + 5 = 2*r - 2*k. Let i = 7 + 1. Let b(o) = 12*o + 4 - 5*o - i*o. Give b(r).
4
Let v(n) = n**3 + 5*n**2 - 7*n - 7. Let t(s) = -2*s**3 - 11*s**2 + 14*s + 15. Let j(r) = -2*t(r) - 5*v(r). Determine j(-4).
-7
Let x(y) = -y**3 - 8*y**2 - 2*y + 7. Let z(n) = -n**3 - n**2 + 1. Let h(s) = -x(s) + 2*z(s). Give h(6).
7
Let u(i) = -i - 1. Suppose -4*z + 3*b - 64 = -b, 4*b = z + 19. Suppose -2 = -3*o + 7. Let t be ((-1)/o)/(1/z). What is u(t)?
-6
Let m(n) = n + 1. Let u(o) = -8*o - 5. Let z(p) = -6*m(p) - u(p). Calculate z(1).
1
Let z(x) = x. Let c be (-13)/5 - (-16)/(-40). Give z(c).
-3
Suppose -y - 7 + 4 = 0. Let h = -4 - y. Let x(w) = 6*w**2 + w + 1. Calculate x(h).
6
Suppose -4*h - 2*b + 2 + 12 = 0, 10 = 5*h + 4*b. Let v(g) = -g**3 + 5*g**2 + 7*g - 5. What is v(h)?
1
Suppose 37 - 7 = -5*v. Let d = -10 - v. Let c(b) = -b**2 + 5*b + 1. Let h(o) = -4*o**2 + 15*o + 2. Let l(n) = 7*c(n) - 2*h(n). Calculate l(d).
-1
Let p(s) = -8*s**2 + 1 - 3*s**2 + s**3 + 9 + 2*s**2 - 12*s. Calculate p(10).
-10
Let p(a) = -a**3 - 4*a**2 - 2*a - 4. Suppose 5*m - 4*g = -36, -5*m + 2*g + 3*g = 40. Determine p(m).
4
Let x(y) = y**2 - 4. Let j be x(2). Let d(g) be the second derivative of 1/20*g**5 + j + g**2 + 1/3*g**4 - g + 2/3*g**3. Calculate d(-3).
-1
Let i(f) = 9*f - 15. Let y(l) = -6*l**2 - l - 2. Let a be y(-2). Let p(q) = 2*q - 3. Let v(u) = a*p(u) + 5*i(u). Calculate v(3).
-12
Let b(g) = -2*g**3 - 2*g**2 - 4*g + 4. Let m(y) = 5*y**3 + 5*y**2 + 9*y - 9. Let s(r) = 9*b(r) + 4*m(r). Suppose -2*u = 2*z, u = z + z + 6. Calculate s(z).
-8
Let l(n) = n**2 - n. Let a(y) = -20*y**2 + 15*y. Let o(t) = -2*a(t) - 30*l(t). Let k = -4 - -3. Determine o(k).
10
Let r(s) = -s - 10. Let i be -4 - 28/(-4) - 3. What is r(i)?
-10
Let l(s) be the first derivative of -s**3/3 + 3*s**2 - 2*s + 20. Calculate l(4).
6
Let i(a) = 75 + 71 - a**2 - 143 - a. Let t = 6 + -9. Give i(t).
-3
Suppose z - 8 = -z. Let k(t) = t**3 - 3*t**2 - 3*t + 1. Give k(z).
5
Let a = 4 - 4. Suppose a*v - v - 2 = 0. Let f(x) = -2*x**2 - x - 2. What is f(v)?
-8
Let f(n) = -n**2 + 2*n + 4. Let y = 19 + -16. Calculate f(y).
1
Let j(a) = 9*a + 15. Let y be j(-2). Let w(k) = k**3 + 4*k**2 + 4*k. What is w(y)?
-3
Suppose -6 = o + o. Let k(w) = -w**2 - 9*w - 5. Let x be k(-8). Let m(q) = q**3 - q - 1 + 4*q + 3*q**3 - x*q**3 + 4*q**2. What is m(o)?
-1
Let a(l) = l**3 + 5*l**2 + 5*l + 6. Let p be a(-4). Let w = -4 - p. Let b(d) = -d**3 - 7*d**2 - 7*d. Give b(w).
6
Let v(f) be the third derivative of -5/24*f**4 + 0 - 1/120*f**6 + 1/12*f**5 + 2*f**2 + 5/6*f**3 + 0*f. Calculate v(4).
1
Let f(x) = -41*x**2 + 6*x. Let n(h) = 8*h**2 - h. Let m(y) = 2*f(y) + 11*n(y). Let l be (-1)/(3/(-12)) + -3. What is m(l)?
7
Let q = -2 + 3. Let o(w) = -w**2 - 1. Let z(p) = 3. Let t = -7 - -4. Let s(c) = t*z(c) - 9*o(c). What is s(q)?
9
Let h be 5*(-2 + 64/20). Let u(z) = -z + 9. What is u(h)?
3
Let j(z) be the first derivative of 7/6*z**3 - 1/24*z**4 + 1 + 0*z + z**2. Let g(o) be the second derivative of j(o). Determine g(4).
3
Let k(h) be the third derivative of -h**6/120 + 3*h**5/20 - 3*h**4/8 + h**3/2 - 3*h**2. Calculate k(8).
-5
Suppose 33 = 12*i - 15. Let k(u) = -u**3 + 4*u**2 + 2*u - 3. What is k(i)?
5
Suppose 0 = 7*h + 3 - 10. Let a(u) = 18*u**2 + u - 1. What is a(h)?
18
Suppose 0*q + 2*q - 2 = 5*a, 22 = -3*a - 4*q. Let z be 40/(-5)*1/a. Let y(k) = k**2 - 3*k + 6. Determine y(z).
10
Let h(n) be the third derivative of n**6/120 + 2*n**5/15 + n**4/4 - 5*n**3/6 - 17*n**2. Give h(-7).
2
Let g = -19 - -22. Let y(q) = q**3 - 3*q**2 - 3*q + 2. Calculate y(g).
-7
Let h(a) be the first derivative of -a**6/180 + a**3/3 - 1. Let q(v) be the third derivative of h(v). What is q(1)?
-2
Let y(x) = 5*x - 26. Let w(u) = 6*u - 28. Let c(f) = 6*w(f) - 7*y(f). Determine c(-6).
8
Let a(g) = g**3 + 7*g**2 + 7*g + 9. Let r be a(-6). Let x(t) = -2*t - r*t + 3*t + t. Calculate x(-3).
3
Let h(s) be the third derivative of -s**7/5040 + s**6/90 - s**5/60 - 7*s**2. Let l(y) be the third derivative of h(y). Determine l(5).
3
Let b(s) = s**2 + 3*s + 8. Let q(l) = -6*l - 18. Let j be q(-2). Give b(j).
26
Suppose 15 = -2*o - 3*y - 22, 4*o = 3*y - 65. Let d = -12 - o. Let t(g) = g**3 - 5*g**2 + g - 2. What is t(d)?
3
Let v = -5 - -7. Let m(n) = 0*n**v + 5 - 6*n + 0*n**2 + n**2. Let b be m(6). Let k(f) = f**2 - 4*f - 1. What is k(b)?
4
Let u(q) = -q**3 + 2*q - 7. Let k(s) be the second derivative of -s**5/20 - s**4/12 + s**3/3 - 4*s**2 - 6*s. Let r(z) = 4*k(z) - 5*u(z). Calculate r(4).
-5
Let n(s) = 5*s**3 - 14*s**2 + 21*s - 26. Let q(k) = -k**3 + 3*k**2 - 4*k + 5. Let f(g) = -2*n(g) - 11*q(g). Let i = 0 + -2. Let h = i - -7. What is f(h)?
7
Let g(l) be the third derivative of -l**4/4 - l**3/6 + 10*l**2. What is g(1)?
-7
Let l(k) = 6*k**2 + 4*k - 1. Let j(o) = -o**3 + o**2 + o. Let t(p) = 2*j(p) - l(p). Let r be 16*((-6)/(-4) - 2). Let h = 6 + r. Determine t(h).
5
Let l(n) = -n - 19. Let q(m) = -m - 9. Let r(s) = -2*l(s) + 5*q(s). Determine r(-6).
11
Let u(i) = -6*i + 17. Let z(h) = -2*h + 6. Let m(l) = -6*u(l) + 17*z(l). Let x = -16 - -11. What is m(x)?
-10
Let y(r) = -r**3 - 3*r**2 - r + 1. Suppose 2*w + 9 = -3*w + 3*d, 11 = -5*w + 2*d. Determine y(w).
4
Let d(j) = -j**3 - 7*j**2 + 6*j - 10. Let t be ((-6)/(-5))/(6/(-40)). What is d(t)?
6
Let t(h) = -2*h + 3. Let y(v) = v**3 - v**2 - 3*v - 2. Let r be y(-2). Suppose 2*p - 4*p = 6. Let w = p - r. Determine t(w).
-7
Let w = -33 + 29. Let r(n) = n**3 + 5*n**2 + 3*n + 2. What is r(w)?
6
Let g(w) be the third derivative of w**4/24 - 5*w**3/6 - 2*w**2. Calculate g(0).
-5
Let g(v) = v + 0 + 0 - 2 + 10. Let h(j) = 3*j + 2. Let i be h(-2). What is g(i)?
4
Let a(y) = -y**3 + 2*y**2 + 2*y + 6. Let u be a(3). Let m(s) = s**2 - 4*s - 2. Calculate m(u).
-5
Let r(h) be the second derivative of h**5/20 + h**4/4 + h*